8.
13
What is the remainder when 91613 is divided by 16?
13
What is the remainder when 7311243 is divided by 162?
21
Calculate the remainder when 556087 is divided by 17376.
55
What is the remainder when 29636 is divided by 2975?
2861
Calculate the remainder when 64492 is divided by 29.
25
What is the remainder when 3012300 is divided by 79?
30
Calculate the remainder when 285090357 is divided by 9015.
9012
Calculate the remainder when 456075 is divided by 463.
20
Calculate the remainder when 7244372 is divided by 216.
164
Calculate the remainder when 89582 is divided by 1318.
1276
What is the remainder when 19835647 is divided by 32?
31
What is the remainder when 14904 is divided by 9046?
5858
Calculate the remainder when 945592 is divided by 945511.
81
Calculate the remainder when 835878393 is divided by 8221.
8218
What is the remainder when 5534334 is divided by 425715?
39
Calculate the remainder when 5081007 is divided by 16.
15
Calculate the remainder when 3385656 is divided by 333.
45
What is the remainder when 1935757 is divided by 18978?
1
What is the remainder when 1186726 is divided by 237340?
26
Calculate the remainder when 3730541 is divided by 1366.
1361
Calculate the remainder when 452717 is divided by 282.
107
Calculate the remainder when 1470642 is divided by 301.
257
What is the remainder when 36333 is divided by 13695?
8943
Calculate the remainder when 225575325 is divided by 48.
45
What is the remainder when 5956365 is divided by 44?
41
What is the remainder when 287980 is divided by 439?
435
Calculate the remainder when 31892 is divided by 7353.
2480
Calculate the remainder when 35614 is divided by 5332.
3622
Calculate the remainder when 111009 is divided by 2847.
2823
Calculate the remainder when 774130 is divided by 193524.
34
What is the remainder when 1190413 is divided by 3316?
3285
Calculate the remainder when 133698 is divided by 13367.
28
Calculate the remainder when 6001312 is divided by 869.
867
What is the remainder when 1000470 is divided by 12492?
1110
What is the remainder when 248263 is divided by 124085?
93
Calculate the remainder when 61950919 is divided by 1828.
1827
What is the remainder when 1184753 is divided by 350?
3
What is the remainder when 210253 is divided by 104?
69
What is the remainder when 419413962 is divided by 2469?
2463
Calculate the remainder when 1055695 is divided by 55551.
226
What is the remainder when 17817 is divided by 8576?
665
Calculate the remainder when 384402 is divided by 204.
66
What is the remainder when 440495 is divided by 500?
495
What is the remainder when 2286454 is divided by 211?
58
What is the remainder when 48188589 is divided by 1538?
1511
Calculate the remainder when 2797721 is divided by 2240.
2201
Calculate the remainder when 3341991 is divided by 1098.
777
Calculate the remainder when 932121 is divided by 396.
333
What is the remainder when 11858182 is divided by 27?
25
What is the remainder when 142994 is divided by 372?
146
What is the remainder when 5389806 is divided by 396?
246
Calculate the remainder when 985684 is divided by 6359.
39
Calculate the remainder when 1467844 is divided by 34.
30
Calculate the remainder when 212037 is divided by 2018.
147
Calculate the remainder when 14159761 is divided by 699.
118
What is the remainder when 651760 is divided by 1139?
252
Calculate the remainder when 23896730 is divided by 331899.
2
Calculate the remainder when 2390754 is divided by 149.
49
Calculate the remainder when 194326 is divided by 912.
70
What is the remainder when 326594467 is divided by 1366504?
11
What is the remainder when 20053744 is divided by 5013413?
92
Calculate the remainder when 2526 is divided by 1437.
1089
What is the remainder when 9956576 is divided by 310?
306
Calculate the remainder when 95807006 is divided by 35107.
3
What is the remainder when 178847166 is divided by 1301?
1298
Calculate the remainder when 13153465 is divided by 15.
10
Calculate the remainder when 4906462 is divided by 1029.
190
What is the remainder when 11573021 is divided by 15597?
47
Calculate the remainder when 190377 is divided by 539.
110
What is the remainder when 20975789 is divided by 411?
404
What is the remainder when 28344 is divided by 13651?
1042
What is the remainder when 2078066 is divided by 382?
368
What is the remainder when 3720418 is divided by 145?
8
Calculate the remainder when 1853976 is divided by 26485.
26
Calculate the remainder when 71531 is divided by 68955.
2576
Calculate the remainder when 286925 is divided by 31289.
5324
What is the remainder when 266950 is divided by 52210?
5900
What is the remainder when 688738 is divided by 7830?
7528
What is the remainder when 143095 is divided by 23757?
553
What is the remainder when 334845018 is divided by 334?
332
What is the remainder when 48264 is divided by 2011?
0
What is the remainder when 407043 is divided by 6777?
423
Calculate the remainder when 1087693 is divided by 77676.
229
What is the remainder when 110669 is divided by 467?
457
What is the remainder when 101344 is divided by 6975?
3694
Calculate the remainder when 89239 is divided by 89045.
194
What is the remainder when 1350493 is divided by 2130?
73
What is the remainder when 6221978 is divided by 3047?
4
Calculate the remainder when 939419 is divided by 1925.
19
What is the remainder when 2878259 is divided by 1503?
14
What is the remainder when 6304640 is divided by 118?
18
What is the remainder when 1229880 is divided by 7796?
5908
What is the remainder when 1672766 is divided by 836381?
4
Calculate the remainder when 134778469 is divided by 44926150.
19
Calculate the remainder when 6248564 is divided by 1243.
3
What is the remainder when 84185655 is divided by 164?
27
What is the remainder when 25893 is divided by 485?
188
Calculate the remainder when 26212684 is divided by 2094.
2086
What is the remainder when 657619 is divided by 25293?
1
Calculate the remainder when 316976 is divided by 450.
176
Calculate the remainder when 60018814 is divided by 2186.
2184
What is the remainder when 594670 is divided by 594145?
525
Calculate the remainder when 380901 is divided by 472.
469
Calculate the remainder when 69198 is divided by 32933.
3332
What is the remainder when 3286413 is divided by 2471?
2454
What is the remainder when 13353582 is divided by 5599?
5566
Calculate the remainder when 4426511 is divided by 572.
375
What is the remainder when 107760529 is divided by 81?
73
What is the remainder when 177395 is divided by 5681?
1284
What is the remainder when 5945174 is divided by 2103?
2096
Calculate the remainder when 6361514 is divided by 220.
214
What is the remainder when 143580687 is divided by 1747?
1745
What is the remainder when 111961 is divided by 1381?
100
Calculate the remainder when 8733867 is divided by 25.
17
What is the remainder when 143184 is divided by 6216?
216
Calculate the remainder when 90079 is divided by 2087.
338
What is the remainder when 13149350 is divided by 210?
200
Calculate the remainder when 26311609 is divided by 26311597.
12
What is the remainder when 10598124 is divided by 360?
84
What is the remainder when 3094334 is divided by 190?
184
What is the remainder when 18318705 is divided by 1235?
1185
Calculate the remainder when 932535 is divided by 70.
65
Calculate the remainder when 401821 is divided by 133875.
196
Calculate the remainder when 586031 is divided by 347.
295
What is the remainder when 752521064 is divided by 6053?
6051
Calculate the remainder when 10758630 is divided by 588.
582
Calculate the remainder when 736038 is divided by 3200.
38
What is the remainder when 658185 is divided by 4800?
585
Calculate the remainder when 71905181 is divided by 5992094.
53
What is the remainder when 156068 is divided by 10540?
8508
Calculate the remainder when 220143 is divided by 9568.
79
What is the remainder when 218386 is divided by 43666?
56
Calculate the remainder when 1545860 is divided by 48308.
4
What is the remainder when 16525 is divided by 1829?
64
What is the remainder when 46279 is divided by 267?
88
Calculate the remainder when 111883 is divided by 370.
143
Calculate the remainder when 659678 is divided by 2396.
778
Calculate the remainder when 649308 is divided by 648906